11?
6353
Convert -1aa2 (base 14) to base 4.
-1023232
What is -1000102101 (base 3) in base 5?
-1114430
397 (base 10) to base 9
481
-2748 (base 12) to base 14
-190c
253 (base 10) to base 2
11111101
Convert 1636 (base 9) to base 13.
750
Convert -27d (base 15) to base 2.
-1000111000
-9457 (base 10) to base 7
-36400
1136 (base 14) to base 13
148b
2685 (base 11) to base 6
24041
What is -101010011 (base 2) in base 12?
-243
Convert 12614 (base 7) to base 10.
3392
-16b6 (base 12) to base 2
-101010101010
Convert -100100110111011 (base 2) to base 11.
-131aa
What is 150b (base 12) in base 5?
34314
What is 90ad (base 15) in base 5?
1434123
2105 (base 8) to base 6
5021
What is -b1 (base 16) in base 6?
-453
Convert -4402 (base 11) to base 7.
-22640
2021 (base 5) to base 3
100200
1003031 (base 4) to base 12
25a5
Convert 11111101001 (base 2) to base 7.
5622
60541 (base 7) to base 6
151544
What is 210000112 (base 3) in base 5?
442243
-53 (base 8) to base 16
-2b
What is 1362 (base 9) in base 3?
1102002
Convert -4075 (base 8) to base 13.
-c63
Convert -415 (base 7) to base 13.
-130
What is -102655 (base 7) in base 4?
-10112203
What is 320103 (base 4) in base 8?
7023
Convert -a8a (base 12) to base 15.
-6d1
Convert 96 (base 12) to base 2.
1110010
What is -12224 (base 12) in base 14?
-8d08
What is 17b8 (base 13) in base 3?
11211210
Convert -7b1 (base 12) to base 10.
-1141
Convert 12001033 (base 4) to base 10.
24655
Convert 287 (base 16) to base 2.
1010000111
What is -11661 (base 7) in base 10?
-3081
What is -734 (base 10) in base 15?
-33e
2a86 (base 13) to base 4
1200302
431 (base 7) to base 11
189
Convert 102100 (base 3) to base 13.
1a7
What is -31001 (base 5) in base 4?
-133101
Convert -200220 (base 4) to base 3.
-2212100
Convert 1278 (base 10) to base 11.
a62
Convert -1040144 (base 5) to base 12.
-a626
Convert -543 (base 10) to base 7.
-1404
Convert 20110 (base 4) to base 15.
257
32 (base 12) to base 14
2a
Convert 101201 (base 3) to base 11.
243
Convert -20132 (base 4) to base 11.
-453
-25720 (base 10) to base 4
-12101320
1776 (base 10) to base 3
2102210
3926 (base 11) to base 2
1001111110110
Convert 6806 (base 10) to base 7.
25562
10002 (base 3) to base 5
313
Convert -1344 (base 10) to base 4.
-111000
What is -20001 (base 3) in base 12?
-117
Convert 1132 (base 6) to base 14.
156
What is -b0a (base 14) in base 16?
-876
Convert -14351 (base 8) to base 10.
-6377
Convert 11111011011011 (base 2) to base 9.
24058
What is 1021200 (base 3) in base 16?
3a8
Convert 3013113 (base 5) to base 4.
23230210
What is 10102002 (base 3) in base 11?
1960
-5855 (base 15) to base 4
-10211003
Convert 23ba (base 13) to base 9.
6835
Convert 604 (base 14) to base 2.
10010011100
-1d60 (base 16) to base 10
-7520
What is 201002 (base 3) in base 2?
1000000011
Convert -33204 (base 5) to base 4.
-210000
What is -11211 (base 4) in base 6?
-1353
-4711 (base 12) to base 5
-223213
What is 123122 (base 4) in base 5?
24004
-6010 (base 7) to base 15
-92a
What is 54472 (base 8) in base 14?
8478
-236 (base 8) to base 9
-185
Convert -14120 (base 8) to base 16.
-1850
What is 10011110101000 (base 2) in base 5?
311102
What is -4040 (base 5) in base 4?
-20020
4c9 (base 14) to base 2
1111000001
What is -23112 (base 4) in base 11?
-600
What is 3573 (base 8) in base 4?
131323
-547 (base 13) to base 4
-32020
3101400 (base 5) to base 12
25095
3d0 (base 15) to base 12
606
What is 113 (base 9) in base 4?
1131
-2200323 (base 4) to base 8
-24073
3149 (base 11) to base 5
113132
a69 (base 11) to base 3
1202121
ea6b (base 15) to base 9
75032
27810 (base 9) to base 14
6c4a
-23a (base 11) to base 13
-18c
-21745 (base 9) to base 15
-443e
Convert 22ca (base 13) to base 2.
1001100100010
What is -260035 (base 7) in base 6?
-1010234
Convert acbd (base 16) to base 13.
17188
What is -47ad (base 14) in base 13?
-58c8
What is -8007 (base 12) in base 10?
-13831
Convert -10320 (base 5) to base 2.
-1011000110
-149 (base 15) to base 7
-600
-ad8 (base 14) to base 11
-1685
134 (base 11) to base 6
422
What is -745 (base 9) in base 3?
-211112
-2121220 (base 3) to base 8
-3572
What is 111000100100101 (base 2) in base 8?
70445
14412 (base 14) to base 2
1100010000010000
Convert -4872 (base 16) to base 14.
-6a8a
What is -23338 (base 9) in base 8?
-36343
Convert -664 (base 8) to base 9.
-534
What is -9173 (base 12) in base 10?
-15783
Convert 6263 (base 9) to base 3.
20022010
a736 (base 14) to base 5
1410420
-453130 (base 6) to base 14
-dd4a
Convert 1110011011 (base 2) to base 10.
923
-12025 (base 11) to base 8
-41662
-9322 (base 11) to base 16
-304e
Convert -334 (base 8) to base 6.
-1004
Convert -1262 (base 9) to base 13.
-57b
Convert -4094 (base 15) to base 6.
-143051
What is 100001111011 (base 2) in base 4?
201323
-7671 (base 10) to base 13
-3651
-28714 (base 9) to base 16
-4c4e
Convert 617 (base 14) to base 3.
1122100
-1cf (base 16) to base 11
-391
Convert 7302 (base 9) to base 16.
14e4
What is -1012012222 (base 3) in base 9?
-35188
-43628 (base 11) to base 9
-105757
What is -12191 (base 10) in base 16?
-2f9f
What is 326 (base 12) in base 3?
122010
355 (base 15) to base 7
2126
Convert 2815 (base 12) to base 8.
11021
-8196 (base 16) to base 14
-c138
What is -13632 (base 7) in base 12?
-2203
What is -138a (base 13) in base 2?
-101100000010
300002 (base 4) to base 7
11651
Convert 1000011110100 (base 2) to base 13.
1c8b
Convert 1713 (base 15) to base 14.
1b4c
Convert -11213 (base 5) to base 11.
-675
Convert 17253 (base 8) to base 3.
101202210
What is -135 (base 12) in base 11?
-159
-71 (base 9) to base 6
-144
-2269 (base 13) to base 10
-4819
5037 (base 9) to base 8
7137
-507 (base 13) to base 9
-1146
-21422 (base 8) to base 2
-10001100010010
-1261 (base 11) to base 13
-992
Convert 110100100 (base 2) to base 5.
3140
What is 111331 (base 7) in base 4?
10310020
Convert 30033 (base 5) to base 9.
2533
-16323 (base 9) to base 2
-10101110111111
3121122 (base 4) to base 11
a4aa
What is -440342 (base 5) in base 4?
-3223321
1201012211 (base 3) to base 11
23349
12bb7 (base 13) to base 8
104224
What is -150 (base 16) in base 10?
-336
4061 (base 9) to base 12
1877
1401a (base 12) to base 6
332034
-426 (base 8) to base 7
-545
b43e (base 16) to base 11
31738
What is 3c00 (base 15) in base 6?
135213
What is 2203 (base 7) in base 9?
1064
-d08 (base 15) to base 7
-11360
What is 2110 (base 5) in base 8?
430
2835 (base 9) to base 5
32023
Convert -6516 (base 7) to base 3.
-10011210
c43 (base 14) to base 4
211223
Convert 301 (base 11) to base 15.
194
What is -1143 (base 8) in base 15?
-2ab
What is 1201101 (base 3) in base 16?
4e4
123032 (base 4) to base 9
2345
What is 2965 (base 14) in base 3?
101001220
What is -5342 (base 6) in base 14?
-62a
Convert 4114 (base 5) to base 15.
259
-1011010011101 (base 2) to base 15
-1aae
-425 (base 6) to base 9
-188
94a (base 13) to base 7
4421
Convert -11342 (base 9) to base 6.
-55015
What is 814 (base 9) in base 2?
1010010101
-532a (base 12) to base 14
-3466
Convert -29297 (base 11) to base 2.
-1010001010001001
2101220221 (base 3) to base 13
18709
-205051 (base 6) to base 11
-11579
Convert 11333 (base 4) to base 6.
1435
What is -10245 (base 9) in base 11?
-509a
Convert 4020 (base 6) to base 12.
610
Convert 13972 (base 13) to base 10.
36766
Convert -4811 (base 9) to base 5.
-103244
Convert -1191 (base 10) to base 8.
-2247
-102100212 (base 3) to base 8
-20135
23232 (base 4) to base 2
1011101110
337 (base 16) to base 13
4b4
3996 (base 10) to base 15
12b6
Convert 1000000011001010 (base 2) to base 4.
20003022
-72aa (base 11) to base 3
-111021111
-2347 (base 12) to base 13
-1a44
Convert -1002 (base 4) to base 14.
-4a
Convert 311 (base 10) to base 2.
100110111
Convert 132043 (base 6) to base 14.
45bd
-1626 (base 12) to base 15
-b9c
Convert 222231 (base 5) to base 12.
4634
What is -111001110 (base 2) in base 7?
-1230
Convert 11880 (base 10) to base 4.
2321220
What is 44b3 (base 12) in base 4?
1313013
Convert -121120 (base 3) to base 16.
-1bf
What is caa (base 14) in base 9?
3380
What is 144 (base 8) in base 13?
79
Convert -1120133 (base 5) to base 8.
-47113
Convert -12625 (base 8) to base 10.
-5525
Convert -2100 (base 8) to base 11.
-8aa
Convert 53055 (base 6) to base 12.
418b
Convert -8905 (base 15) to base 10.
-29030
Convert -27084 (